1 and 390.
39
What is the highest common factor of 75 and 1275?
75
What is the highest common divisor of 80 and 15?
5
What is the greatest common divisor of 391 and 51?
17
What is the greatest common divisor of 1340 and 402?
134
Calculate the highest common divisor of 238 and 306.
34
What is the highest common divisor of 46 and 1334?
46
Calculate the highest common factor of 270 and 108.
54
Calculate the greatest common factor of 2125 and 119.
17
What is the highest common divisor of 193 and 11773?
193
What is the highest common factor of 34 and 442?
34
What is the greatest common factor of 55 and 15455?
55
What is the highest common factor of 924 and 276?
12
Calculate the highest common divisor of 45 and 7119.
9
Calculate the greatest common divisor of 84 and 444.
12
Calculate the greatest common divisor of 30 and 11010.
30
Calculate the greatest common divisor of 5 and 79.
1
Calculate the highest common divisor of 32 and 38.
2
What is the highest common factor of 768 and 18?
6
Calculate the highest common divisor of 31 and 2170.
31
What is the highest common divisor of 9152 and 143?
143
Calculate the greatest common divisor of 28 and 350.
14
Calculate the highest common divisor of 37 and 7.
1
Calculate the highest common factor of 800 and 10720.
160
Calculate the highest common divisor of 20 and 65.
5
What is the highest common divisor of 27 and 27?
27
Calculate the greatest common divisor of 44 and 1.
1
What is the highest common divisor of 56 and 100?
4
What is the greatest common factor of 32 and 640?
32
Calculate the highest common factor of 176 and 64.
16
What is the highest common divisor of 280 and 42?
14
What is the greatest common divisor of 1086 and 42?
6
What is the greatest common factor of 720 and 270?
90
What is the greatest common divisor of 837 and 189?
27
What is the highest common divisor of 364 and 637?
91
Calculate the greatest common divisor of 49 and 1.
1
What is the greatest common divisor of 1969 and 716?
179
Calculate the greatest common divisor of 221 and 153.
17
Calculate the greatest common divisor of 104 and 260.
52
What is the greatest common divisor of 142 and 2?
2
Calculate the greatest common factor of 108 and 2457.
27
Calculate the greatest common factor of 9 and 18.
9
What is the highest common factor of 344 and 16?
8
What is the greatest common factor of 2120 and 120?
40
Calculate the greatest common divisor of 21 and 67263.
21
Calculate the greatest common divisor of 391 and 506.
23
What is the highest common divisor of 11096 and 152?
152
Calculate the greatest common factor of 249 and 51.
3
What is the highest common factor of 65 and 13884?
13
What is the highest common divisor of 3060 and 51?
51
Calculate the highest common factor of 450 and 738.
18
What is the greatest common divisor of 209 and 931?
19
What is the highest common factor of 506 and 184?
46
Calculate the highest common factor of 24 and 252.
12
Calculate the greatest common factor of 6 and 8002.
2
What is the greatest common divisor of 172 and 43?
43
What is the greatest common factor of 8274 and 42?
42
Calculate the highest common divisor of 12 and 876.
12
Calculate the highest common divisor of 667 and 115.
23
Calculate the greatest common divisor of 4 and 2528.
4
Calculate the greatest common factor of 15588 and 9.
9
Calculate the highest common factor of 288 and 352.
32
What is the highest common divisor of 430 and 172?
86
What is the greatest common divisor of 40 and 4840?
40
What is the greatest common factor of 21439 and 33?
11
What is the greatest common divisor of 3 and 633?
3
Calculate the greatest common factor of 638 and 176.
22
Calculate the highest common divisor of 16 and 72.
8
Calculate the greatest common divisor of 18 and 306.
18
What is the greatest common divisor of 192 and 304?
16
Calculate the greatest common factor of 106 and 795.
53
Calculate the highest common factor of 297 and 33.
33
Calculate the greatest common divisor of 138 and 89286.
138
Calculate the greatest common factor of 1241 and 511.
73
Calculate the highest common factor of 728 and 546.
182
What is the greatest common factor of 35 and 150?
5
Calculate the greatest common divisor of 1890 and 42.
42
Calculate the highest common divisor of 48 and 18.
6
Calculate the greatest common divisor of 351 and 78.
39
What is the highest common factor of 21 and 5?
1
What is the greatest common divisor of 350 and 672?
14
Calculate the highest common divisor of 175 and 28.
7
What is the greatest common divisor of 7203 and 245?
49
What is the highest common factor of 18627 and 21?
21
Calculate the highest common factor of 9 and 387.
9
What is the highest common divisor of 729 and 576?
9
What is the highest common factor of 170 and 23035?
85
Calculate the greatest common factor of 18 and 27.
9
What is the highest common factor of 96 and 32?
32
What is the greatest common divisor of 3278 and 44?
22
Calculate the highest common divisor of 1066 and 164.
82
Calculate the highest common factor of 1807 and 39.
13
Calculate the greatest common factor of 8 and 92.
4
What is the highest common factor of 24 and 6954?
6
Calculate the greatest common factor of 105 and 945.
105
What is the highest common factor of 21 and 2569?
7
What is the highest common divisor of 228 and 2166?
114
Calculate the greatest common factor of 1504 and 940.
188
What is the highest common divisor of 2006 and 17?
17
What is the greatest common divisor of 456 and 24?
24
What is the highest common factor of 453 and 1208?
151
What is the greatest common factor of 1368 and 1800?
72
What is the highest common divisor of 10704 and 18?
6
What is the highest common divisor of 236 and 826?
118
What is the highest common divisor of 80 and 2480?
80
What is the greatest common factor of 72 and 234?
18
What is the greatest common factor of 63 and 45?
9
What is the greatest common divisor of 3696 and 210?
42
Calculate the highest common divisor of 371 and 7.
7
What is the highest common divisor of 609 and 2331?
21
Calculate the highest common factor of 24 and 448.
8
What is the highest common factor of 9163 and 462?
77
Calculate the greatest common divisor of 430 and 258.
86
What is the highest common divisor of 808 and 296?
8
Calculate the highest common divisor of 897 and 702.
39
What is the greatest common factor of 121 and 9?
1
Calculate the highest common factor of 374 and 132.
22
What is the highest common factor of 674 and 7751?
337
What is the highest common factor of 29 and 1?
1
What is the highest common factor of 7567 and 69?
23
Calculate the greatest common divisor of 20 and 1160.
20
Calculate the greatest common divisor of 264 and 24.
24
Calculate the highest common factor of 3207 and 12.
3
Calculate the greatest common factor of 85 and 153.
17
What is the greatest common factor of 675 and 925?
25
Calculate the highest common factor of 203 and 119.
7
What is the greatest common divisor of 216 and 108?
108
Calculate the highest common divisor of 7 and 1155.
7
What is the highest common factor of 612 and 63?
9
Calculate the highest common factor of 252 and 72.
36
Calculate the highest common divisor of 392 and 322.
14
Calculate the greatest common divisor of 1363 and 29.
29
Calculate the highest common factor of 1180 and 20.
20
Calculate the greatest common divisor of 11 and 11.
11
Calculate the greatest common factor of 448 and 192.
64
What is the highest common factor of 675 and 200?
25
What is the highest common factor of 16072 and 42?
14
Calculate the highest common divisor of 13648 and 16.
16
What is the greatest common factor of 7704 and 504?
72
What is the greatest common factor of 2875 and 50?
25
What is the greatest common divisor of 56 and 5278?
14
What is the highest common divisor of 460 and 84?
4
Calculate the highest common divisor of 73533 and 381.
381
What is the highest common factor of 14 and 242?
2
What is the highest common factor of 35 and 10913?
7
Calculate the highest common divisor of 1023 and 186.
93
Calculate the highest common factor of 165 and 220.
55
Calculate the highest common divisor of 253 and 11.
11
Calculate the greatest common factor of 805 and 2625.
35
What is the highest common factor of 171 and 38?
19
Calculate the greatest common divisor of 12183 and 93.
93
Calcu